en 648 is divided by ((-319)/22 - -12)/((-1)/8)?
8
Suppose -94*o + 51067 = -1197. Calculate the remainder when o is divided by 31.
29
Let j = 396 - 360. What is the remainder when 167 is divided by j/(-5)*-2 + 28/(-70)?
13
Let p(s) = s**2 + 10*s + 12. Let f(k) = -k**2 + 14*k - 13. Let h be f(11). Suppose -8*u - h = 52. What is the remainder when 6 is divided by p(u)?
0
Calculate the remainder when ((-176)/121)/8 - (3 - (-6342)/(-33)) is divided by 63.
0
Let f be (-3)/5 + 1156/85. Let z = 15 - f. Suppose -3*w = -z*v - 64, -2*w + v + 42 = -0*v. What is the remainder when 58 is divided by w?
18
Let b(a) = 54*a**2 - 256*a + 724. Calculate the remainder when b(3) is divided by 5.
2
Suppose -3*z = z - 44. Suppose 0 = -4*d + 2*l - 16, 0*d + 4*l + 1 = -3*d. Calculate the remainder when d + 1 - ((-6 - 5) + -3) is divided by z.
1
Suppose -90*i + 66047 + 279103 = 0. What is the remainder when i is divided by 19?
16
Let h(v) = 970*v**2 - 82*v + 4. What is the remainder when h(1) is divided by 7?
3
Let m(n) = -n**2 + 23*n - 48. Suppose 4*h + 272 = 3*d + 41, -5*d = 4*h - 385. Let x = d + 30. Calculate the remainder when x is divided by m(19).
23
Let k(h) = h**3 - 50*h**2 + 91*h + 298. Calculate the remainder when 604 is divided by k(48).
24
Let s = 3644 - 3605. What is the remainder when 148 is divided by s?
31
Let s = 188 + -173. Suppose 8*v - s*v = -203. What is the remainder when v is divided by 10?
9
Suppose 0 = -3*w + 4*d + 46, 3*w - 2*d = 9 + 29. Suppose -9 = -s + t, 5*s - 4*t - 108 = -8*t. Calculate the remainder when s is divided by w.
6
Let x = 99 - 40. Suppose 58*z + 57 = x*z. Calculate the remainder when 210 is divided by z.
39
Let w(p) be the first derivative of -p**3/3 + 9*p**2 - 65*p + 77. Calculate the remainder when 38 is divided by w(8).
8
Suppose -1484*c - 1044 = -1520*c. What is the remainder when 2537 is divided by c?
14
Suppose -52 = -30*d + 38. Suppose 0 = -3*t - 2*t + 2*r + 26, -4 = -2*r. Suppose t*s - 35 = s. Calculate the remainder when s is divided by d.
1
Let v(f) = 7*f - 26. Let t be v(6). Suppose t*u = 15*u + 20. Calculate the remainder when 35 is divided by u.
15
Let w(a) be the first derivative of -a**3/3 - 15*a**2/2 + 20*a + 73. What is the remainder when 97 is divided by w(-14)?
29
Let c(g) = -40 - 41 - 43 + 2*g + 122. Calculate the remainder when 507 is divided by c(17).
27
Suppose 112*v - 62970 - 44102 = 0. Calculate the remainder when v is divided by 82.
54
Suppose 35*c - 715 = 440. What is the remainder when 611 is divided by c?
17
Suppose 3*x = -d + 478, 8 = 8*d - 12*d. What is the remainder when 1594 is divided by x?
154
Suppose -g + 3*g - 9 = o, -3*g + 4*o + 11 = 0. Let r(y) = y**3 - 16*y**2 + 19*y - 55. Calculate the remainder when g is divided by r(15).
0
What is the remainder when 173 is divided by 0 + 0 + 37 + 13 + -25?
23
Suppose 5*n = -25, 0 = 4*s + 5*n + 44 - 163. What is the remainder when (954/(-15))/(-27 - (-1584)/60) is divided by s?
34
Let l(b) = b**3 + 12*b**2 + 23*b - 14. Let s be l(-9). What is the remainder when 97 is divided by (s/(-8))/((-31)/124)?
9
Let s(u) = u**2 - 5*u - 4. Let q(d) = 4*d**2 + 12 + 23*d - 22*d - 9*d**2. What is the remainder when s(-4) is divided by q(0)?
8
Suppose -30*q + 10*q = -40. Calculate the remainder when 102 is divided by 36/(-7*q/(-7)).
12
Let q(j) = j**2 - 24*j - 71. Let k(c) = -c**2 + 23*c + 71. Let o(m) = -5*k(m) - 6*q(m). Calculate the remainder when 160 is divided by o(31).
7
Let d(z) = z**2 + 5*z - 12. Suppose -6*h - 12 = 18. Let y be d(h). Calculate the remainder when (-1200)/y + (2 - 3) is divided by 34.
31
Let b be (-135)/2*-4*(-10)/(-20). Let u = 478 - b. What is the remainder when u is divided by 115?
113
Suppose -1923*k = -1926*k + 351. What is the remainder when 470 is divided by k?
2
Let i(y) = -3*y + 44 + 7 + 18 - 22. Let v be i(15). Calculate the remainder when 27 is divided by ((-30)/4)/(5/v - 3).
12
Let d = -11 + 11. Suppose 3*z + 3 = d, 3*c + 2*z = -0*c + 55. Suppose o = -8 + c. Calculate the remainder when 41 is divided by o.
8
Suppose 6*q - 167 = 33 - 68. Let m(r) = 6*r - 3. Let n be m(6). Suppose -4*p + n = -19. What is the remainder when q is divided by p?
9
Let q = 2221 - 2185. Calculate the remainder when 197 is divided by q.
17
Let q(h) = -h**3 - h**2 + h - 1. Let g(u) = -4*u**3 - 20*u**2 + 38*u - 28. Let y(x) = g(x) - 5*q(x). Calculate the remainder when y(13) is divided by 37.
31
Let y = 112 + -91. Suppose g + 3*o + 7 = 0, -5*o - 56 = -3*g - 21. Suppose -4*s = -g*s + 79. Calculate the remainder when s is divided by y.
16
Suppose 21 + 7 = 2*h + 2*p, -46 = -4*h + p. Let d(r) = -8 + 3*r + 0*r**2 + 5*r - r**2. What is the remainder when h is divided by d(5)?
5
Let d(a) = 61*a - 26. Suppose 7*u + u = 48. Let f be d(u). Suppose -4*p + 3*v + 272 = 0, -2*p + f = 3*p - v. Calculate the remainder when p is divided by 23.
22
Calculate the remainder when 261 is divided by -131 + 118 + (0 - -16).
0
Suppose -6*g + 310 = 1882. Let q = g + 508. What is the remainder when q is divided by 62?
60
Let n be (-1)/((9/(-24))/(-3)). Let w = n + 13. Suppose j - 4*a = 2*j - 27, w*j - 3*a = 20. Calculate the remainder when 22 is divided by j.
1
Let f be (9/(-6))/((-1)/216) - 4. Suppose 91 = g + 3*x - 79, f = 2*g + x. Calculate the remainder when g is divided by 10.
8
Let c(x) = -30*x**2 + 356*x - 15. Calculate the remainder when c(8) is divided by 130.
3
Let u(d) = d**2 + 79*d + 641. Calculate the remainder when u(-71) is divided by 52.
21
Let m(j) = 68*j - 44. What is the remainder when 176 is divided by m(1)?
8
Let t = 38491 - 25199. Calculate the remainder when t is divided by 21.
20
Suppose 61 = -c + 36. Calculate the remainder when (-2165)/(-25) + (-10)/c is divided by 10.
7
Let s(u) = -3*u**3 - 27*u**2 - 32*u + 185. Calculate the remainder when s(-11) is divided by 210.
3
Suppose -2*r + 10 = -2*o + 2*r, r - 4 = 0. What is the remainder when 127 is divided by o?
1
Let l(x) = -3*x**2 - 21*x - 14. Let k be l(-6). Suppose -3 - 3 = -2*n, k*y = -4*n + 56. What is the remainder when 21 is divided by y?
10
Suppose -60919 = -562*u + 575887 + 100538. Calculate the remainder when u is divided by 165.
157
Let s(g) = -3*g - 14. Let w(l) = -l + 91. Calculate the remainder when w(-18) is divided by s(-12).
21
Suppose -10 = 5*d, -4*b = -d - 0 - 14. Suppose 15 = -5*t, 2*z - 3*t + 40 = b*z. Suppose -5*x - z = -139. What is the remainder when 69 is divided by x?
15
Let j(q) = 3*q**2 + 146*q + 193. Calculate the remainder when 476 is divided by j(-48).
88
Suppose -3*o + 3*k + 1014 = 0, 5*o + 3*k + 1422 = 3080. Calculate the remainder when o is divided by 101.
31
Suppose 0 = -2*o + a + 11 + 115, -a = -o + 62. Suppose -20*h - o = -4*z - 21*h, z + 1 = 4*h. What is the remainder when 31 is divided by z?
1
Suppose j + 93 = 4*j. Let b = j - 11. Let z = 246784 + -246777. What is the remainder when b is divided by z?
6
Suppose -224*m + 202908 + 91876 = 0. Calculate the remainder when m is divided by 66.
62
Suppose 0 = -2*q + 512 - 36. Suppose -4*b + 710 = q. Suppose -b = -7*w + 57. Calculate the remainder when 73 is divided by w.
23
Suppose -z = q - 10, 13 = -4*z + 33. Calculate the remainder when (-3 + q - 3)/(5/(-435)) is divided by 22.
21
Suppose 14*u = 12*u - 548. Let f = -265 - u. What is the remainder when f is divided by 8?
1
Suppose 2*b + 113 = 3*k, -44*b - 4*k + 44 = -45*b. Suppose 52 - 606 = -2*s. Calculate the remainder when s is divided by ((-84)/(-16))/((-6)/b).
53
Suppose -1792 = -4*l + 4*p, 1119 + 201 = 3*l + p. What is the remainder when l is divided by 57?
43
Suppose 0 = -2*n + 3*r + 25, -r = 2*r + 3. Suppose -2*p - 9*p = -n. Calculate the remainder when 12 is divided by p.
0
Let y(f) = 114*f + 12832. What is the remainder when y(-107) is divided by 631?
3
Let x = -604 + 617. What is the remainder when 350 is divided by x?
12
Suppose -3*k + 23 = f, -526*k + 4*f - 2 = -528*k. Calculate the remainder when 85 is divided by k.
4
Let h(f) be the first derivative of -9*f**2 + 219*f - 151. Calculate the remainder when h(6) is divided by 35.
6
Let w(y) = -y + 3. Let p be w(3). Suppose -4*x = -2*q - 11 + 1, -x - 4*q - 2 = p. What is the remainder when ((-9)/27)/(x/(-54)) is divided by 5?
4
Suppose -26*g + 4*q = -24*g - 3148, q = 5*g - 7825. What is the remainder when g is divide